{"id":2357,"date":"2020-11-23T18:06:40","date_gmt":"2020-11-23T18:06:40","guid":{"rendered":"http:\/\/www.ocariz.es\/?post_type=product&#038;p=2357"},"modified":"2022-09-12T06:19:55","modified_gmt":"2022-09-12T06:19:55","slug":"caldera-eco-hidro-35-kw-turbulence","status":"publish","type":"product","link":"https:\/\/www.ocariz.es\/index.php\/producto\/caldera-eco-hidro-35-kw-turbulence\/","title":{"rendered":"CALDERA ECO-HIDRO 35 KW TURBULENCE AUTOM\u00c1TICO"},"content":{"rendered":"<p>&nbsp;<\/p>\n<p>\u200bCaracteristicas tecnicas :<\/p>\n<ul>\n<li>Volumen orientativo de calentamiento 1000 m3<\/li>\n<li>Potencia t\u00e9rmica hacia el ambiente 1,3 &#8211; 2,2 kW<\/li>\n<li>Potencia t\u00e9rmica hacia el agua\u00a0\u00a0 \u00a07,8 &#8211; 32,6 kW<\/li>\n<li>Potencia t\u00e9rmica a la llama 9,1 &#8211; 34,8 kW<\/li>\n<li>Rendimiento 91 &#8211; 92 %<\/li>\n<li>Capacidad del dep\u00f3sito interno de pellets (1) 60 Kg (1) + 500 kg (2) = 560 Kg\u00a0+ tolva externa de alimentaci\u00f3n (2) 2 &#8211; 7,8 Kg\/h<\/li>\n<li>Consumo de pellets\u00a0\u00a0 \u00a030 horas (1) + 250 horas (2)<\/li>\n<li>Autonom\u00eda m\u00e1xima orientativa = 280 horas<\/li>\n<li>Peso 310 Kg<\/li>\n<li>Medidas anchura\/profundidad\/altura 715 x1100x1325 mm<\/li>\n<li>Salida de humos \u00d8 100 mm<\/li>\n<li>Toma de aire \u00d8 80 mm<\/li>\n<li>Alimentaci\u00f3n el\u00e9ctrica 220 &#8211; 230 V \/ 50Hz<\/li>\n<li>Consumo el\u00e9ctrico 80 \/ 650 Watt<\/li>\n<li>Revestimiento lateral, superior y de la puerta Acero<\/li>\n<li>Colores disponibles Verde OCARIZ &amp; CALOR<\/li>\n<li>Certificados EN 14785:2006, Art. 15a BV-G, LRV, BIMSchv y Flamme Verte Clase de caldera EN 303-5:3<\/li>\n<li><\/li>\n<li>Equipamiento:\n<ul>\n<li>Cronotermostato semanal con 70 programas (30 niveles) y control por \u201cTIMER\u201d.<\/li>\n<li>Display LCD con dos l\u00edneas y 32 caracteres.<\/li>\n<li>M\u00f3dulo para GSM y mando a distancia opcionales.<\/li>\n<li>Regulaci\u00f3n sobre 5 niveles de potencia modulables.<\/li>\n<li>Regulaci\u00f3n autom\u00e1tica de la dosificaci\u00f3n de los pellets.<\/li>\n<li>Caj\u00f3n cenicero extra\u00edble de gran capacidad.<\/li>\n<li>Cestillo de acero inoxidable AISI 304 con visor de inspecci\u00f3n.<\/li>\n<li>Capacidad del dep\u00f3sito de agua de 140 litros.<\/li>\n<li>Dos vasos de expansi\u00f3n de 10 litros cada uno.<\/li>\n<li>Bomba hidr\u00e1ulica de altas prestaciones con un caudal de 2500 l\/h y elevaci\u00f3n del agua hasta 8 m de altura (planta baja, primera y segunda).<\/li>\n<li>Hidr\u00f3metro.<\/li>\n<li>V\u00e1lvula de purga de aire autom\u00e1tica y manual.<\/li>\n<li>Equipamiento de seguridad:<\/li>\n<li>Medidor del flujo del aire de la combusti\u00f3n.<\/li>\n<li>Monitorizaci\u00f3n continua del aire de la combusti\u00f3n y de la temperatura de los humos.<\/li>\n<li>Termostato mec\u00e1nico interno a contacto.<\/li>\n<li>Termostato de seguridad manual y autom\u00e1tico en el dep\u00f3sito de pellets.<\/li>\n<li>Control de giros del motor de humos.<\/li>\n<li>V\u00e1lvula de seguridad de 3 bares.<\/li>\n<li>Control de la temperatura del agua.<\/li>\n<li><\/li>\n<li>Otros equipamientos y caracter\u00edsticas constructivas:\n<ul>\n<li>Ignici\u00f3n \u201cFAST SYSTEM\u201d de bajo consumo con dos resistencias ventiladas.<\/li>\n<li>Precalentador para el aire comburente que mejora la combusti\u00f3n.<\/li>\n<li>Dos tornillos sin fin internos con sus tubos de ca\u00edda dosifican y distribuyen<\/li>\n<li>homog\u00e9neamente los pellets por toda la superficie del cestillo.<\/li>\n<li>El di\u00e1metro de las conexiones hidr\u00e1ulicas (entrada y retorno) es de 1&#8243; 1\/4, mayor que las de otras de similares caracter\u00edsticas.<\/li>\n<li>Estructura interna en acero de alta calidad de 5 mm de espesor (superior a lo especificado en la norma europea).<\/li>\n<li>Dep\u00f3sito interno superior de pellets con cierre estanco.<\/li>\n<li>Puerta frontal con acceso a las tapas del caj\u00f3n cenicero, del cestillo y del giro superior de humos que se abren con pomos (no con tornillos) lo que facilita su r\u00e1pida apertura para la inspecci\u00f3n y limpieza.<\/li>\n<li>Equipada con seis soportes niveladores.<\/li>\n<\/ul>\n<\/li>\n<\/ul>\n<\/li>\n<\/ul>\n","protected":false},"excerpt":{"rendered":"<p>CALDERA ECO-HIDRO 35 KW TURBULENCE<\/p>\n","protected":false},"featured_media":2453,"comment_status":"open","ping_status":"closed","template":"","meta":[],"product_brand":[],"product_cat":[16],"product_tag":[],"class_list":{"0":"post-2357","1":"product","2":"type-product","3":"status-publish","4":"has-post-thumbnail","6":"product_cat-estufa-pellet","8":"first","9":"instock","10":"taxable","11":"shipping-taxable","12":"purchasable","13":"product-type-simple"},"yoast_head":"<!-- This site is optimized with the Yoast SEO plugin v27.5 - https:\/\/yoast.com\/product\/yoast-seo-wordpress\/ -->\n<title>CALDERA ECO-HIDRO 35 KW TURBULENCE AUTOM\u00c1TICO - Herrajes Ocariz, S.A.<\/title>\n<meta name=\"robots\" content=\"index, follow, max-snippet:-1, max-image-preview:large, max-video-preview:-1\" \/>\n<link rel=\"canonical\" href=\"https:\/\/www.ocariz.es\/index.php\/producto\/caldera-eco-hidro-35-kw-turbulence\/\" \/>\n<meta property=\"og:locale\" content=\"es_ES\" \/>\n<meta property=\"og:type\" content=\"article\" \/>\n<meta property=\"og:title\" content=\"CALDERA ECO-HIDRO 35 KW TURBULENCE AUTOM\u00c1TICO - Herrajes Ocariz, S.A.\" \/>\n<meta property=\"og:description\" content=\"CALDERA ECO-HIDRO 35 KW TURBULENCE\" \/>\n<meta property=\"og:url\" content=\"https:\/\/www.ocariz.es\/index.php\/producto\/caldera-eco-hidro-35-kw-turbulence\/\" \/>\n<meta property=\"og:site_name\" content=\"Herrajes Ocariz, S.A.\" \/>\n<meta property=\"article:modified_time\" content=\"2022-09-12T06:19:55+00:00\" \/>\n<meta property=\"og:image\" content=\"https:\/\/www.ocariz.es\/wp-content\/uploads\/2020\/11\/CALDERA-35-KW.jpg\" \/>\n\t<meta property=\"og:image:width\" content=\"225\" \/>\n\t<meta property=\"og:image:height\" content=\"225\" \/>\n\t<meta property=\"og:image:type\" content=\"image\/jpeg\" \/>\n<meta name=\"twitter:card\" content=\"summary_large_image\" \/>\n<meta name=\"twitter:label1\" content=\"Tiempo de lectura\" \/>\n\t<meta name=\"twitter:data1\" content=\"3 minutos\" \/>\n<script type=\"application\/ld+json\" class=\"yoast-schema-graph\">{\"@context\":\"https:\\\/\\\/schema.org\",\"@graph\":[{\"@type\":\"WebPage\",\"@id\":\"https:\\\/\\\/www.ocariz.es\\\/index.php\\\/producto\\\/caldera-eco-hidro-35-kw-turbulence\\\/\",\"url\":\"https:\\\/\\\/www.ocariz.es\\\/index.php\\\/producto\\\/caldera-eco-hidro-35-kw-turbulence\\\/\",\"name\":\"CALDERA ECO-HIDRO 35 KW TURBULENCE AUTOM\u00c1TICO - Herrajes Ocariz, S.A.\",\"isPartOf\":{\"@id\":\"https:\\\/\\\/www.ocariz.es\\\/#website\"},\"primaryImageOfPage\":{\"@id\":\"https:\\\/\\\/www.ocariz.es\\\/index.php\\\/producto\\\/caldera-eco-hidro-35-kw-turbulence\\\/#primaryimage\"},\"image\":{\"@id\":\"https:\\\/\\\/www.ocariz.es\\\/index.php\\\/producto\\\/caldera-eco-hidro-35-kw-turbulence\\\/#primaryimage\"},\"thumbnailUrl\":\"https:\\\/\\\/www.ocariz.es\\\/wp-content\\\/uploads\\\/2020\\\/11\\\/CALDERA-35-KW.jpg\",\"datePublished\":\"2020-11-23T18:06:40+00:00\",\"dateModified\":\"2022-09-12T06:19:55+00:00\",\"breadcrumb\":{\"@id\":\"https:\\\/\\\/www.ocariz.es\\\/index.php\\\/producto\\\/caldera-eco-hidro-35-kw-turbulence\\\/#breadcrumb\"},\"inLanguage\":\"es\",\"potentialAction\":[{\"@type\":\"ReadAction\",\"target\":[\"https:\\\/\\\/www.ocariz.es\\\/index.php\\\/producto\\\/caldera-eco-hidro-35-kw-turbulence\\\/\"]}]},{\"@type\":\"ImageObject\",\"inLanguage\":\"es\",\"@id\":\"https:\\\/\\\/www.ocariz.es\\\/index.php\\\/producto\\\/caldera-eco-hidro-35-kw-turbulence\\\/#primaryimage\",\"url\":\"https:\\\/\\\/www.ocariz.es\\\/wp-content\\\/uploads\\\/2020\\\/11\\\/CALDERA-35-KW.jpg\",\"contentUrl\":\"https:\\\/\\\/www.ocariz.es\\\/wp-content\\\/uploads\\\/2020\\\/11\\\/CALDERA-35-KW.jpg\",\"width\":225,\"height\":225},{\"@type\":\"BreadcrumbList\",\"@id\":\"https:\\\/\\\/www.ocariz.es\\\/index.php\\\/producto\\\/caldera-eco-hidro-35-kw-turbulence\\\/#breadcrumb\",\"itemListElement\":[{\"@type\":\"ListItem\",\"position\":1,\"name\":\"Portada\",\"item\":\"https:\\\/\\\/www.ocariz.es\\\/\"},{\"@type\":\"ListItem\",\"position\":2,\"name\":\"Tienda\",\"item\":\"https:\\\/\\\/www.ocariz.es\\\/?page_id=2104\"},{\"@type\":\"ListItem\",\"position\":3,\"name\":\"CALDERA ECO-HIDRO 35 KW TURBULENCE AUTOM\u00c1TICO\"}]},{\"@type\":\"WebSite\",\"@id\":\"https:\\\/\\\/www.ocariz.es\\\/#website\",\"url\":\"https:\\\/\\\/www.ocariz.es\\\/\",\"name\":\"Herrajes Ocariz, S.A.\",\"description\":\"Atenci\u00f3n telef\u00f3nica +34 945 263 400\",\"publisher\":{\"@id\":\"https:\\\/\\\/www.ocariz.es\\\/#organization\"},\"potentialAction\":[{\"@type\":\"SearchAction\",\"target\":{\"@type\":\"EntryPoint\",\"urlTemplate\":\"https:\\\/\\\/www.ocariz.es\\\/?s={search_term_string}\"},\"query-input\":{\"@type\":\"PropertyValueSpecification\",\"valueRequired\":true,\"valueName\":\"search_term_string\"}}],\"inLanguage\":\"es\"},{\"@type\":\"Organization\",\"@id\":\"https:\\\/\\\/www.ocariz.es\\\/#organization\",\"name\":\"HERRAJES OCARIZ, S.A.\",\"url\":\"https:\\\/\\\/www.ocariz.es\\\/\",\"logo\":{\"@type\":\"ImageObject\",\"inLanguage\":\"es\",\"@id\":\"https:\\\/\\\/www.ocariz.es\\\/#\\\/schema\\\/logo\\\/image\\\/\",\"url\":\"https:\\\/\\\/www.ocariz.es\\\/wp-content\\\/uploads\\\/2019\\\/01\\\/ocariz90.png\",\"contentUrl\":\"https:\\\/\\\/www.ocariz.es\\\/wp-content\\\/uploads\\\/2019\\\/01\\\/ocariz90.png\",\"width\":94,\"height\":76,\"caption\":\"HERRAJES OCARIZ, S.A.\"},\"image\":{\"@id\":\"https:\\\/\\\/www.ocariz.es\\\/#\\\/schema\\\/logo\\\/image\\\/\"}}]}<\/script>\n<!-- \/ Yoast SEO plugin. -->","yoast_head_json":{"title":"CALDERA ECO-HIDRO 35 KW TURBULENCE AUTOM\u00c1TICO - Herrajes Ocariz, S.A.","robots":{"index":"index","follow":"follow","max-snippet":"max-snippet:-1","max-image-preview":"max-image-preview:large","max-video-preview":"max-video-preview:-1"},"canonical":"https:\/\/www.ocariz.es\/index.php\/producto\/caldera-eco-hidro-35-kw-turbulence\/","og_locale":"es_ES","og_type":"article","og_title":"CALDERA ECO-HIDRO 35 KW TURBULENCE AUTOM\u00c1TICO - Herrajes Ocariz, S.A.","og_description":"CALDERA ECO-HIDRO 35 KW TURBULENCE","og_url":"https:\/\/www.ocariz.es\/index.php\/producto\/caldera-eco-hidro-35-kw-turbulence\/","og_site_name":"Herrajes Ocariz, S.A.","article_modified_time":"2022-09-12T06:19:55+00:00","og_image":[{"width":225,"height":225,"url":"https:\/\/www.ocariz.es\/wp-content\/uploads\/2020\/11\/CALDERA-35-KW.jpg","type":"image\/jpeg"}],"twitter_card":"summary_large_image","twitter_misc":{"Tiempo de lectura":"3 minutos"},"schema":{"@context":"https:\/\/schema.org","@graph":[{"@type":"WebPage","@id":"https:\/\/www.ocariz.es\/index.php\/producto\/caldera-eco-hidro-35-kw-turbulence\/","url":"https:\/\/www.ocariz.es\/index.php\/producto\/caldera-eco-hidro-35-kw-turbulence\/","name":"CALDERA ECO-HIDRO 35 KW TURBULENCE AUTOM\u00c1TICO - Herrajes Ocariz, S.A.","isPartOf":{"@id":"https:\/\/www.ocariz.es\/#website"},"primaryImageOfPage":{"@id":"https:\/\/www.ocariz.es\/index.php\/producto\/caldera-eco-hidro-35-kw-turbulence\/#primaryimage"},"image":{"@id":"https:\/\/www.ocariz.es\/index.php\/producto\/caldera-eco-hidro-35-kw-turbulence\/#primaryimage"},"thumbnailUrl":"https:\/\/www.ocariz.es\/wp-content\/uploads\/2020\/11\/CALDERA-35-KW.jpg","datePublished":"2020-11-23T18:06:40+00:00","dateModified":"2022-09-12T06:19:55+00:00","breadcrumb":{"@id":"https:\/\/www.ocariz.es\/index.php\/producto\/caldera-eco-hidro-35-kw-turbulence\/#breadcrumb"},"inLanguage":"es","potentialAction":[{"@type":"ReadAction","target":["https:\/\/www.ocariz.es\/index.php\/producto\/caldera-eco-hidro-35-kw-turbulence\/"]}]},{"@type":"ImageObject","inLanguage":"es","@id":"https:\/\/www.ocariz.es\/index.php\/producto\/caldera-eco-hidro-35-kw-turbulence\/#primaryimage","url":"https:\/\/www.ocariz.es\/wp-content\/uploads\/2020\/11\/CALDERA-35-KW.jpg","contentUrl":"https:\/\/www.ocariz.es\/wp-content\/uploads\/2020\/11\/CALDERA-35-KW.jpg","width":225,"height":225},{"@type":"BreadcrumbList","@id":"https:\/\/www.ocariz.es\/index.php\/producto\/caldera-eco-hidro-35-kw-turbulence\/#breadcrumb","itemListElement":[{"@type":"ListItem","position":1,"name":"Portada","item":"https:\/\/www.ocariz.es\/"},{"@type":"ListItem","position":2,"name":"Tienda","item":"https:\/\/www.ocariz.es\/?page_id=2104"},{"@type":"ListItem","position":3,"name":"CALDERA ECO-HIDRO 35 KW TURBULENCE AUTOM\u00c1TICO"}]},{"@type":"WebSite","@id":"https:\/\/www.ocariz.es\/#website","url":"https:\/\/www.ocariz.es\/","name":"Herrajes Ocariz, S.A.","description":"Atenci\u00f3n telef\u00f3nica +34 945 263 400","publisher":{"@id":"https:\/\/www.ocariz.es\/#organization"},"potentialAction":[{"@type":"SearchAction","target":{"@type":"EntryPoint","urlTemplate":"https:\/\/www.ocariz.es\/?s={search_term_string}"},"query-input":{"@type":"PropertyValueSpecification","valueRequired":true,"valueName":"search_term_string"}}],"inLanguage":"es"},{"@type":"Organization","@id":"https:\/\/www.ocariz.es\/#organization","name":"HERRAJES OCARIZ, S.A.","url":"https:\/\/www.ocariz.es\/","logo":{"@type":"ImageObject","inLanguage":"es","@id":"https:\/\/www.ocariz.es\/#\/schema\/logo\/image\/","url":"https:\/\/www.ocariz.es\/wp-content\/uploads\/2019\/01\/ocariz90.png","contentUrl":"https:\/\/www.ocariz.es\/wp-content\/uploads\/2019\/01\/ocariz90.png","width":94,"height":76,"caption":"HERRAJES OCARIZ, S.A."},"image":{"@id":"https:\/\/www.ocariz.es\/#\/schema\/logo\/image\/"}}]}},"_links":{"self":[{"href":"https:\/\/www.ocariz.es\/index.php\/wp-json\/wp\/v2\/product\/2357","targetHints":{"allow":["GET"]}}],"collection":[{"href":"https:\/\/www.ocariz.es\/index.php\/wp-json\/wp\/v2\/product"}],"about":[{"href":"https:\/\/www.ocariz.es\/index.php\/wp-json\/wp\/v2\/types\/product"}],"replies":[{"embeddable":true,"href":"https:\/\/www.ocariz.es\/index.php\/wp-json\/wp\/v2\/comments?post=2357"}],"wp:featuredmedia":[{"embeddable":true,"href":"https:\/\/www.ocariz.es\/index.php\/wp-json\/wp\/v2\/media\/2453"}],"wp:attachment":[{"href":"https:\/\/www.ocariz.es\/index.php\/wp-json\/wp\/v2\/media?parent=2357"}],"wp:term":[{"taxonomy":"product_brand","embeddable":true,"href":"https:\/\/www.ocariz.es\/index.php\/wp-json\/wp\/v2\/product_brand?post=2357"},{"taxonomy":"product_cat","embeddable":true,"href":"https:\/\/www.ocariz.es\/index.php\/wp-json\/wp\/v2\/product_cat?post=2357"},{"taxonomy":"product_tag","embeddable":true,"href":"https:\/\/www.ocariz.es\/index.php\/wp-json\/wp\/v2\/product_tag?post=2357"}],"curies":[{"name":"wp","href":"https:\/\/api.w.org\/{rel}","templated":true}]}}