{"id":839,"date":"2019-01-31T23:19:28","date_gmt":"2019-01-31T23:19:28","guid":{"rendered":"http:\/\/www.ocariz.pfisdbbadalona.cat\/?page_id=839"},"modified":"2020-01-03T12:28:48","modified_gmt":"2020-01-03T12:28:48","slug":"ayudas-tecnicas-y-dispositivos-de-apoyo","status":"publish","type":"page","link":"https:\/\/www.ocariz.es\/index.php\/ayudas-tecnicas-y-dispositivos-de-apoyo\/","title":{"rendered":"Ayudas T\u00e9cnicas y Dispositivos de Apoyo"},"content":{"rendered":"<div  data-label=\"Content\" data-id=\"content-image-left\" data-category=\"content\" class=\"content-left-image-section content-image-left\" id=\"content-3\" style=\"background-color: rgb(255, 255, 255);\"> <div  class=\"gridContainer\"> <div  class=\"row\"> <div  class=\"content-left-image-imgcol\" data-type=\"column\"> <img decoding=\"async\"  src=\"https:\/\/www.ocariz.es\/wp-content\/uploads\/2020\/01\/AYUDAS-TECNICAS-scaled.jpg\" class=\"\"> <\/div> <div  class=\"content-left-image-textcol dynamic-color\" data-type=\"column\">    <p  class=\"\">HERRAJES OCARIZ entre la gran variedad de productos que ofrece al prescriptor y al sector de la construcci\u00f3n en general incluye esta gama de ayudas t\u00e9cnicas (dispositivos de apoyo) que ha sido dise\u00f1ada en colaboraci\u00f3n con personas con dificultades motoras. Con ella conseguimos: mejorar la accesibilidad, superar barreras arquitect\u00f3nicas y garantizar un mayor grado de independencia.<\/p><p  class=\"\">Todos los elementos, en acabado mate, est\u00e1n fabricados en tubo de acero inoxidable austen\u00edstico de calidad AISI 304 y panel fen\u00f3lico lo que permite que sean ligeros, s\u00f3lidos, funcionales y agradables al tacto.<\/p><p  class=\"\">Para prevenir accidentes hemos incorporado en las zonas de agarre la terminaci\u00f3n \u201cKnurling\u201d que aumenta la sensaci\u00f3n de seguridad y garantiza una sujeci\u00f3n s\u00f3lida y segura.<\/p><p  class=\"\">Todos los componentes cumplen la vigente normativa de ayudas t\u00e9cnicas.<\/p><a  class=\"button color1\" href=\"http:\/\/ocariz.es\/pdf\/Ayudas%20Tecnicas-Dispositivos%20de%20Apoyo.pdf\" target=\"_blank\" data-icon=\"fa-file-pdf-o\"><span  class=\"button-icon fa fa-file-pdf-o\"><\/span> + Informaci\u00f3n <\/a><\/div> <\/div> <\/div> <\/div>","protected":false},"excerpt":{"rendered":"<p>HERRAJES OCARIZ entre la gran variedad de productos que ofrece al prescriptor y al sector de la construcci\u00f3n en general incluye esta gama de ayudas t\u00e9cnicas (dispositivos de apoyo) que ha sido dise\u00f1ada en colaboraci\u00f3n con personas con dificultades motoras. Con ella conseguimos: mejorar la accesibilidad, superar barreras arquitect\u00f3nicas y garantizar un mayor grado de&hellip; <br \/> <a class=\"button small blue\" href=\"https:\/\/www.ocariz.es\/index.php\/ayudas-tecnicas-y-dispositivos-de-apoyo\/\">Leer m\u00e1s<\/a><\/p>\n","protected":false},"author":1,"featured_media":0,"parent":0,"menu_order":0,"comment_status":"closed","ping_status":"closed","template":"full-width-page.php","meta":{"footnotes":""},"class_list":["post-839","page","type-page","status-publish","hentry"],"yoast_head":"<!-- This site is optimized with the Yoast SEO plugin v27.5 - https:\/\/yoast.com\/product\/yoast-seo-wordpress\/ -->\n<title>Ayudas T\u00e9cnicas y Dispositivos de Apoyo - Herrajes Ocariz, S.A.<\/title>\n<meta name=\"robots\" content=\"index, follow, max-snippet:-1, max-image-preview:large, max-video-preview:-1\" \/>\n<link rel=\"canonical\" href=\"https:\/\/www.ocariz.es\/index.php\/ayudas-tecnicas-y-dispositivos-de-apoyo\/\" \/>\n<meta property=\"og:locale\" content=\"es_ES\" \/>\n<meta property=\"og:type\" content=\"article\" \/>\n<meta property=\"og:title\" content=\"Ayudas T\u00e9cnicas y Dispositivos de Apoyo - Herrajes Ocariz, S.A.\" \/>\n<meta property=\"og:description\" content=\"HERRAJES OCARIZ entre la gran variedad de productos que ofrece al prescriptor y al sector de la construcci\u00f3n en general incluye esta gama de ayudas t\u00e9cnicas (dispositivos de apoyo) que ha sido dise\u00f1ada en colaboraci\u00f3n con personas con dificultades motoras. Con ella conseguimos: mejorar la accesibilidad, superar barreras arquitect\u00f3nicas y garantizar un mayor grado de&hellip; Leer m\u00e1s\" \/>\n<meta property=\"og:url\" content=\"https:\/\/www.ocariz.es\/index.php\/ayudas-tecnicas-y-dispositivos-de-apoyo\/\" \/>\n<meta property=\"og:site_name\" content=\"Herrajes Ocariz, S.A.\" \/>\n<meta property=\"article:modified_time\" content=\"2020-01-03T12:28:48+00:00\" \/>\n<meta property=\"og:image\" content=\"http:\/\/www.ocariz.es\/wp-content\/uploads\/2020\/01\/AYUDAS-TECNICAS-scaled.jpg\" \/>\n<meta name=\"twitter:card\" content=\"summary_large_image\" \/>\n<meta name=\"twitter:label1\" content=\"Tiempo de lectura\" \/>\n\t<meta name=\"twitter:data1\" content=\"1 minuto\" \/>\n<script type=\"application\/ld+json\" class=\"yoast-schema-graph\">{\"@context\":\"https:\\\/\\\/schema.org\",\"@graph\":[{\"@type\":\"WebPage\",\"@id\":\"https:\\\/\\\/www.ocariz.es\\\/index.php\\\/ayudas-tecnicas-y-dispositivos-de-apoyo\\\/\",\"url\":\"https:\\\/\\\/www.ocariz.es\\\/index.php\\\/ayudas-tecnicas-y-dispositivos-de-apoyo\\\/\",\"name\":\"Ayudas T\u00e9cnicas y Dispositivos de Apoyo - Herrajes Ocariz, S.A.\",\"isPartOf\":{\"@id\":\"https:\\\/\\\/www.ocariz.es\\\/#website\"},\"primaryImageOfPage\":{\"@id\":\"https:\\\/\\\/www.ocariz.es\\\/index.php\\\/ayudas-tecnicas-y-dispositivos-de-apoyo\\\/#primaryimage\"},\"image\":{\"@id\":\"https:\\\/\\\/www.ocariz.es\\\/index.php\\\/ayudas-tecnicas-y-dispositivos-de-apoyo\\\/#primaryimage\"},\"thumbnailUrl\":\"http:\\\/\\\/www.ocariz.es\\\/wp-content\\\/uploads\\\/2020\\\/01\\\/AYUDAS-TECNICAS-scaled.jpg\",\"datePublished\":\"2019-01-31T23:19:28+00:00\",\"dateModified\":\"2020-01-03T12:28:48+00:00\",\"breadcrumb\":{\"@id\":\"https:\\\/\\\/www.ocariz.es\\\/index.php\\\/ayudas-tecnicas-y-dispositivos-de-apoyo\\\/#breadcrumb\"},\"inLanguage\":\"es\",\"potentialAction\":[{\"@type\":\"ReadAction\",\"target\":[\"https:\\\/\\\/www.ocariz.es\\\/index.php\\\/ayudas-tecnicas-y-dispositivos-de-apoyo\\\/\"]}]},{\"@type\":\"ImageObject\",\"inLanguage\":\"es\",\"@id\":\"https:\\\/\\\/www.ocariz.es\\\/index.php\\\/ayudas-tecnicas-y-dispositivos-de-apoyo\\\/#primaryimage\",\"url\":\"http:\\\/\\\/www.ocariz.es\\\/wp-content\\\/uploads\\\/2020\\\/01\\\/AYUDAS-TECNICAS-scaled.jpg\",\"contentUrl\":\"http:\\\/\\\/www.ocariz.es\\\/wp-content\\\/uploads\\\/2020\\\/01\\\/AYUDAS-TECNICAS-scaled.jpg\"},{\"@type\":\"BreadcrumbList\",\"@id\":\"https:\\\/\\\/www.ocariz.es\\\/index.php\\\/ayudas-tecnicas-y-dispositivos-de-apoyo\\\/#breadcrumb\",\"itemListElement\":[{\"@type\":\"ListItem\",\"position\":1,\"name\":\"Portada\",\"item\":\"https:\\\/\\\/www.ocariz.es\\\/\"},{\"@type\":\"ListItem\",\"position\":2,\"name\":\"Ayudas T\u00e9cnicas y Dispositivos de Apoyo\"}]},{\"@type\":\"WebSite\",\"@id\":\"https:\\\/\\\/www.ocariz.es\\\/#website\",\"url\":\"https:\\\/\\\/www.ocariz.es\\\/\",\"name\":\"Herrajes Ocariz, S.A.\",\"description\":\"Atenci\u00f3n telef\u00f3nica +34 945 263 400\",\"publisher\":{\"@id\":\"https:\\\/\\\/www.ocariz.es\\\/#organization\"},\"potentialAction\":[{\"@type\":\"SearchAction\",\"target\":{\"@type\":\"EntryPoint\",\"urlTemplate\":\"https:\\\/\\\/www.ocariz.es\\\/?s={search_term_string}\"},\"query-input\":{\"@type\":\"PropertyValueSpecification\",\"valueRequired\":true,\"valueName\":\"search_term_string\"}}],\"inLanguage\":\"es\"},{\"@type\":\"Organization\",\"@id\":\"https:\\\/\\\/www.ocariz.es\\\/#organization\",\"name\":\"HERRAJES OCARIZ, S.A.\",\"url\":\"https:\\\/\\\/www.ocariz.es\\\/\",\"logo\":{\"@type\":\"ImageObject\",\"inLanguage\":\"es\",\"@id\":\"https:\\\/\\\/www.ocariz.es\\\/#\\\/schema\\\/logo\\\/image\\\/\",\"url\":\"https:\\\/\\\/www.ocariz.es\\\/wp-content\\\/uploads\\\/2019\\\/01\\\/ocariz90.png\",\"contentUrl\":\"https:\\\/\\\/www.ocariz.es\\\/wp-content\\\/uploads\\\/2019\\\/01\\\/ocariz90.png\",\"width\":94,\"height\":76,\"caption\":\"HERRAJES OCARIZ, S.A.\"},\"image\":{\"@id\":\"https:\\\/\\\/www.ocariz.es\\\/#\\\/schema\\\/logo\\\/image\\\/\"}}]}<\/script>\n<!-- \/ Yoast SEO plugin. -->","yoast_head_json":{"title":"Ayudas T\u00e9cnicas y Dispositivos de Apoyo - Herrajes Ocariz, S.A.","robots":{"index":"index","follow":"follow","max-snippet":"max-snippet:-1","max-image-preview":"max-image-preview:large","max-video-preview":"max-video-preview:-1"},"canonical":"https:\/\/www.ocariz.es\/index.php\/ayudas-tecnicas-y-dispositivos-de-apoyo\/","og_locale":"es_ES","og_type":"article","og_title":"Ayudas T\u00e9cnicas y Dispositivos de Apoyo - Herrajes Ocariz, S.A.","og_description":"HERRAJES OCARIZ entre la gran variedad de productos que ofrece al prescriptor y al sector de la construcci\u00f3n en general incluye esta gama de ayudas t\u00e9cnicas (dispositivos de apoyo) que ha sido dise\u00f1ada en colaboraci\u00f3n con personas con dificultades motoras. Con ella conseguimos: mejorar la accesibilidad, superar barreras arquitect\u00f3nicas y garantizar un mayor grado de&hellip; Leer m\u00e1s","og_url":"https:\/\/www.ocariz.es\/index.php\/ayudas-tecnicas-y-dispositivos-de-apoyo\/","og_site_name":"Herrajes Ocariz, S.A.","article_modified_time":"2020-01-03T12:28:48+00:00","og_image":[{"url":"http:\/\/www.ocariz.es\/wp-content\/uploads\/2020\/01\/AYUDAS-TECNICAS-scaled.jpg","type":"","width":"","height":""}],"twitter_card":"summary_large_image","twitter_misc":{"Tiempo de lectura":"1 minuto"},"schema":{"@context":"https:\/\/schema.org","@graph":[{"@type":"WebPage","@id":"https:\/\/www.ocariz.es\/index.php\/ayudas-tecnicas-y-dispositivos-de-apoyo\/","url":"https:\/\/www.ocariz.es\/index.php\/ayudas-tecnicas-y-dispositivos-de-apoyo\/","name":"Ayudas T\u00e9cnicas y Dispositivos de Apoyo - Herrajes Ocariz, S.A.","isPartOf":{"@id":"https:\/\/www.ocariz.es\/#website"},"primaryImageOfPage":{"@id":"https:\/\/www.ocariz.es\/index.php\/ayudas-tecnicas-y-dispositivos-de-apoyo\/#primaryimage"},"image":{"@id":"https:\/\/www.ocariz.es\/index.php\/ayudas-tecnicas-y-dispositivos-de-apoyo\/#primaryimage"},"thumbnailUrl":"http:\/\/www.ocariz.es\/wp-content\/uploads\/2020\/01\/AYUDAS-TECNICAS-scaled.jpg","datePublished":"2019-01-31T23:19:28+00:00","dateModified":"2020-01-03T12:28:48+00:00","breadcrumb":{"@id":"https:\/\/www.ocariz.es\/index.php\/ayudas-tecnicas-y-dispositivos-de-apoyo\/#breadcrumb"},"inLanguage":"es","potentialAction":[{"@type":"ReadAction","target":["https:\/\/www.ocariz.es\/index.php\/ayudas-tecnicas-y-dispositivos-de-apoyo\/"]}]},{"@type":"ImageObject","inLanguage":"es","@id":"https:\/\/www.ocariz.es\/index.php\/ayudas-tecnicas-y-dispositivos-de-apoyo\/#primaryimage","url":"http:\/\/www.ocariz.es\/wp-content\/uploads\/2020\/01\/AYUDAS-TECNICAS-scaled.jpg","contentUrl":"http:\/\/www.ocariz.es\/wp-content\/uploads\/2020\/01\/AYUDAS-TECNICAS-scaled.jpg"},{"@type":"BreadcrumbList","@id":"https:\/\/www.ocariz.es\/index.php\/ayudas-tecnicas-y-dispositivos-de-apoyo\/#breadcrumb","itemListElement":[{"@type":"ListItem","position":1,"name":"Portada","item":"https:\/\/www.ocariz.es\/"},{"@type":"ListItem","position":2,"name":"Ayudas T\u00e9cnicas y Dispositivos de Apoyo"}]},{"@type":"WebSite","@id":"https:\/\/www.ocariz.es\/#website","url":"https:\/\/www.ocariz.es\/","name":"Herrajes Ocariz, S.A.","description":"Atenci\u00f3n telef\u00f3nica +34 945 263 400","publisher":{"@id":"https:\/\/www.ocariz.es\/#organization"},"potentialAction":[{"@type":"SearchAction","target":{"@type":"EntryPoint","urlTemplate":"https:\/\/www.ocariz.es\/?s={search_term_string}"},"query-input":{"@type":"PropertyValueSpecification","valueRequired":true,"valueName":"search_term_string"}}],"inLanguage":"es"},{"@type":"Organization","@id":"https:\/\/www.ocariz.es\/#organization","name":"HERRAJES OCARIZ, S.A.","url":"https:\/\/www.ocariz.es\/","logo":{"@type":"ImageObject","inLanguage":"es","@id":"https:\/\/www.ocariz.es\/#\/schema\/logo\/image\/","url":"https:\/\/www.ocariz.es\/wp-content\/uploads\/2019\/01\/ocariz90.png","contentUrl":"https:\/\/www.ocariz.es\/wp-content\/uploads\/2019\/01\/ocariz90.png","width":94,"height":76,"caption":"HERRAJES OCARIZ, S.A."},"image":{"@id":"https:\/\/www.ocariz.es\/#\/schema\/logo\/image\/"}}]}},"_links":{"self":[{"href":"https:\/\/www.ocariz.es\/index.php\/wp-json\/wp\/v2\/pages\/839","targetHints":{"allow":["GET"]}}],"collection":[{"href":"https:\/\/www.ocariz.es\/index.php\/wp-json\/wp\/v2\/pages"}],"about":[{"href":"https:\/\/www.ocariz.es\/index.php\/wp-json\/wp\/v2\/types\/page"}],"author":[{"embeddable":true,"href":"https:\/\/www.ocariz.es\/index.php\/wp-json\/wp\/v2\/users\/1"}],"replies":[{"embeddable":true,"href":"https:\/\/www.ocariz.es\/index.php\/wp-json\/wp\/v2\/comments?post=839"}],"version-history":[{"count":3,"href":"https:\/\/www.ocariz.es\/index.php\/wp-json\/wp\/v2\/pages\/839\/revisions"}],"predecessor-version":[{"id":1861,"href":"https:\/\/www.ocariz.es\/index.php\/wp-json\/wp\/v2\/pages\/839\/revisions\/1861"}],"wp:attachment":[{"href":"https:\/\/www.ocariz.es\/index.php\/wp-json\/wp\/v2\/media?parent=839"}],"curies":[{"name":"wp","href":"https:\/\/api.w.org\/{rel}","templated":true}]}}