{"id":823,"date":"2019-01-31T22:27:19","date_gmt":"2019-01-31T22:27:19","guid":{"rendered":"http:\/\/www.ocariz.pfisdbbadalona.cat\/?page_id=823"},"modified":"2022-02-02T07:43:48","modified_gmt":"2022-02-02T07:43:48","slug":"inox-aisi-316l-casquillo-inox","status":"publish","type":"page","link":"https:\/\/www.ocariz.es\/index.php\/inox-aisi-316l-casquillo-inox\/","title":{"rendered":"Inox AISI 316L, Casquillo Inox"},"content":{"rendered":"<div  class=\"content-left-image-section content-image-left\" id=\"content-3\" style=\"background-color: rgb(255, 255, 255);\" data-id=\"content-image-left\" data-label=\"Content\" data-category=\"content\"> <div  class=\"gridContainer\"> <div  class=\"row\"> <div  class=\"content-left-image-imgcol\" data-type=\"column\"> <img decoding=\"async\"  src=\"https:\/\/www.ocariz.es\/wp-content\/uploads\/2020\/01\/Inox_Acero_Marino.png\" class=\"\"> <\/div> <div  class=\"content-left-image-textcol dynamic-color\" data-type=\"column\">    <p  class=\"\">Despu\u00e9s del aluminio anodizado o rilsanizado con el sistema de montaje Resist \u00ae (alto tr\u00e1fico) HERRAJES OCARIZ dentro de su amplia gama de manillas y accesorios para la construcci\u00f3n recomienda como material base el acero inoxidable de calidad AISI 316L (ACERO MARINO).<\/p><p  class=\"\">El casquillo que incorporan las manillas para su montaje en los escudos (rosetas, placas largas con o sin tornillos vistos y placas cuadradas) es de acero inoxidable a diferencia de los existentes en el mercado (lat\u00f3n, zamak, etc.).<\/p><p  class=\"\">En esta serie como en todas las manillas y pomos Ocariz, adem\u00e1s de ir montados sobre el escudo se incorpora un resorte de gran capacidad de recuperaci\u00f3n de secci\u00f3n rectangular (no redonda) de acuerdo a las normas internaciones vigentes.<\/p><p  class=\"\">Este cat\u00e1logo adem\u00e1s de las manillas y sus accesorios se complementa con otros herrajes como pomos y tiradores, topes de puerta, pomitos, tiradores de armarios, u\u00f1eros, pasadores de embutir y una amplia gama de pernios y bisagras especialmente dise\u00f1ados para ofrecer cualquier tipo de soluci\u00f3n constructiva.<\/p><a class=\"button color1\" href=\"https:\/\/www.ocariz.es\/pdf\/Inox%20Acero%20Marino%20+%20Palma%20+%20Izaro.pdf\" target=\"_blank\" data-icon=\"fa-file-pdf-o\" rel=\"noopener\"><span class=\"button-icon fa fa-file-pdf-o\" ><\/span> + Informaci\u00f3n <\/a><\/div> <\/div> <\/div> <\/div>","protected":false},"excerpt":{"rendered":"<p>Despu\u00e9s del aluminio anodizado o rilsanizado con el sistema de montaje Resist \u00ae (alto tr\u00e1fico) HERRAJES OCARIZ dentro de su amplia gama de manillas y accesorios para la construcci\u00f3n recomienda como material base el acero inoxidable de calidad AISI 316L (ACERO MARINO).El casquillo que incorporan las manillas para su montaje en los escudos (rosetas, placas&hellip; <br \/> <a class=\"button small blue\" href=\"https:\/\/www.ocariz.es\/index.php\/inox-aisi-316l-casquillo-inox\/\">Leer m\u00e1s<\/a><\/p>\n","protected":false},"author":1,"featured_media":0,"parent":0,"menu_order":0,"comment_status":"closed","ping_status":"closed","template":"full-width-page.php","meta":{"footnotes":""},"class_list":["post-823","page","type-page","status-publish","hentry"],"yoast_head":"<!-- This site is optimized with the Yoast SEO plugin v27.5 - https:\/\/yoast.com\/product\/yoast-seo-wordpress\/ -->\n<title>Inox AISI 316L, Casquillo Inox - Herrajes Ocariz, S.A.<\/title>\n<meta name=\"robots\" content=\"index, follow, max-snippet:-1, max-image-preview:large, max-video-preview:-1\" \/>\n<link rel=\"canonical\" href=\"https:\/\/www.ocariz.es\/index.php\/inox-aisi-316l-casquillo-inox\/\" \/>\n<meta property=\"og:locale\" content=\"es_ES\" \/>\n<meta property=\"og:type\" content=\"article\" \/>\n<meta property=\"og:title\" content=\"Inox AISI 316L, Casquillo Inox - Herrajes Ocariz, S.A.\" \/>\n<meta property=\"og:description\" content=\"Despu\u00e9s del aluminio anodizado o rilsanizado con el sistema de montaje Resist \u00ae (alto tr\u00e1fico) HERRAJES OCARIZ dentro de su amplia gama de manillas y accesorios para la construcci\u00f3n recomienda como material base el acero inoxidable de calidad AISI 316L (ACERO MARINO).El casquillo que incorporan las manillas para su montaje en los escudos (rosetas, placas&hellip; Leer m\u00e1s\" \/>\n<meta property=\"og:url\" content=\"https:\/\/www.ocariz.es\/index.php\/inox-aisi-316l-casquillo-inox\/\" \/>\n<meta property=\"og:site_name\" content=\"Herrajes Ocariz, S.A.\" \/>\n<meta property=\"article:modified_time\" content=\"2022-02-02T07:43:48+00:00\" \/>\n<meta property=\"og:image\" content=\"http:\/\/www.ocariz.es\/wp-content\/uploads\/2020\/01\/Inox_Acero_Marino.png\" \/>\n<meta name=\"twitter:card\" content=\"summary_large_image\" \/>\n<meta name=\"twitter:label1\" content=\"Tiempo de lectura\" \/>\n\t<meta name=\"twitter:data1\" content=\"1 minuto\" \/>\n<script type=\"application\/ld+json\" class=\"yoast-schema-graph\">{\"@context\":\"https:\\\/\\\/schema.org\",\"@graph\":[{\"@type\":\"WebPage\",\"@id\":\"https:\\\/\\\/www.ocariz.es\\\/index.php\\\/inox-aisi-316l-casquillo-inox\\\/\",\"url\":\"https:\\\/\\\/www.ocariz.es\\\/index.php\\\/inox-aisi-316l-casquillo-inox\\\/\",\"name\":\"Inox AISI 316L, Casquillo Inox - Herrajes Ocariz, S.A.\",\"isPartOf\":{\"@id\":\"https:\\\/\\\/www.ocariz.es\\\/#website\"},\"primaryImageOfPage\":{\"@id\":\"https:\\\/\\\/www.ocariz.es\\\/index.php\\\/inox-aisi-316l-casquillo-inox\\\/#primaryimage\"},\"image\":{\"@id\":\"https:\\\/\\\/www.ocariz.es\\\/index.php\\\/inox-aisi-316l-casquillo-inox\\\/#primaryimage\"},\"thumbnailUrl\":\"http:\\\/\\\/www.ocariz.es\\\/wp-content\\\/uploads\\\/2020\\\/01\\\/Inox_Acero_Marino.png\",\"datePublished\":\"2019-01-31T22:27:19+00:00\",\"dateModified\":\"2022-02-02T07:43:48+00:00\",\"breadcrumb\":{\"@id\":\"https:\\\/\\\/www.ocariz.es\\\/index.php\\\/inox-aisi-316l-casquillo-inox\\\/#breadcrumb\"},\"inLanguage\":\"es\",\"potentialAction\":[{\"@type\":\"ReadAction\",\"target\":[\"https:\\\/\\\/www.ocariz.es\\\/index.php\\\/inox-aisi-316l-casquillo-inox\\\/\"]}]},{\"@type\":\"ImageObject\",\"inLanguage\":\"es\",\"@id\":\"https:\\\/\\\/www.ocariz.es\\\/index.php\\\/inox-aisi-316l-casquillo-inox\\\/#primaryimage\",\"url\":\"http:\\\/\\\/www.ocariz.es\\\/wp-content\\\/uploads\\\/2020\\\/01\\\/Inox_Acero_Marino.png\",\"contentUrl\":\"http:\\\/\\\/www.ocariz.es\\\/wp-content\\\/uploads\\\/2020\\\/01\\\/Inox_Acero_Marino.png\"},{\"@type\":\"BreadcrumbList\",\"@id\":\"https:\\\/\\\/www.ocariz.es\\\/index.php\\\/inox-aisi-316l-casquillo-inox\\\/#breadcrumb\",\"itemListElement\":[{\"@type\":\"ListItem\",\"position\":1,\"name\":\"Portada\",\"item\":\"https:\\\/\\\/www.ocariz.es\\\/\"},{\"@type\":\"ListItem\",\"position\":2,\"name\":\"Inox AISI 316L, Casquillo Inox\"}]},{\"@type\":\"WebSite\",\"@id\":\"https:\\\/\\\/www.ocariz.es\\\/#website\",\"url\":\"https:\\\/\\\/www.ocariz.es\\\/\",\"name\":\"Herrajes Ocariz, S.A.\",\"description\":\"Atenci\u00f3n telef\u00f3nica +34 945 263 400\",\"publisher\":{\"@id\":\"https:\\\/\\\/www.ocariz.es\\\/#organization\"},\"potentialAction\":[{\"@type\":\"SearchAction\",\"target\":{\"@type\":\"EntryPoint\",\"urlTemplate\":\"https:\\\/\\\/www.ocariz.es\\\/?s={search_term_string}\"},\"query-input\":{\"@type\":\"PropertyValueSpecification\",\"valueRequired\":true,\"valueName\":\"search_term_string\"}}],\"inLanguage\":\"es\"},{\"@type\":\"Organization\",\"@id\":\"https:\\\/\\\/www.ocariz.es\\\/#organization\",\"name\":\"HERRAJES OCARIZ, S.A.\",\"url\":\"https:\\\/\\\/www.ocariz.es\\\/\",\"logo\":{\"@type\":\"ImageObject\",\"inLanguage\":\"es\",\"@id\":\"https:\\\/\\\/www.ocariz.es\\\/#\\\/schema\\\/logo\\\/image\\\/\",\"url\":\"https:\\\/\\\/www.ocariz.es\\\/wp-content\\\/uploads\\\/2019\\\/01\\\/ocariz90.png\",\"contentUrl\":\"https:\\\/\\\/www.ocariz.es\\\/wp-content\\\/uploads\\\/2019\\\/01\\\/ocariz90.png\",\"width\":94,\"height\":76,\"caption\":\"HERRAJES OCARIZ, S.A.\"},\"image\":{\"@id\":\"https:\\\/\\\/www.ocariz.es\\\/#\\\/schema\\\/logo\\\/image\\\/\"}}]}<\/script>\n<!-- \/ Yoast SEO plugin. -->","yoast_head_json":{"title":"Inox AISI 316L, Casquillo Inox - Herrajes Ocariz, S.A.","robots":{"index":"index","follow":"follow","max-snippet":"max-snippet:-1","max-image-preview":"max-image-preview:large","max-video-preview":"max-video-preview:-1"},"canonical":"https:\/\/www.ocariz.es\/index.php\/inox-aisi-316l-casquillo-inox\/","og_locale":"es_ES","og_type":"article","og_title":"Inox AISI 316L, Casquillo Inox - Herrajes Ocariz, S.A.","og_description":"Despu\u00e9s del aluminio anodizado o rilsanizado con el sistema de montaje Resist \u00ae (alto tr\u00e1fico) HERRAJES OCARIZ dentro de su amplia gama de manillas y accesorios para la construcci\u00f3n recomienda como material base el acero inoxidable de calidad AISI 316L (ACERO MARINO).El casquillo que incorporan las manillas para su montaje en los escudos (rosetas, placas&hellip; Leer m\u00e1s","og_url":"https:\/\/www.ocariz.es\/index.php\/inox-aisi-316l-casquillo-inox\/","og_site_name":"Herrajes Ocariz, S.A.","article_modified_time":"2022-02-02T07:43:48+00:00","og_image":[{"url":"http:\/\/www.ocariz.es\/wp-content\/uploads\/2020\/01\/Inox_Acero_Marino.png","type":"","width":"","height":""}],"twitter_card":"summary_large_image","twitter_misc":{"Tiempo de lectura":"1 minuto"},"schema":{"@context":"https:\/\/schema.org","@graph":[{"@type":"WebPage","@id":"https:\/\/www.ocariz.es\/index.php\/inox-aisi-316l-casquillo-inox\/","url":"https:\/\/www.ocariz.es\/index.php\/inox-aisi-316l-casquillo-inox\/","name":"Inox AISI 316L, Casquillo Inox - Herrajes Ocariz, S.A.","isPartOf":{"@id":"https:\/\/www.ocariz.es\/#website"},"primaryImageOfPage":{"@id":"https:\/\/www.ocariz.es\/index.php\/inox-aisi-316l-casquillo-inox\/#primaryimage"},"image":{"@id":"https:\/\/www.ocariz.es\/index.php\/inox-aisi-316l-casquillo-inox\/#primaryimage"},"thumbnailUrl":"http:\/\/www.ocariz.es\/wp-content\/uploads\/2020\/01\/Inox_Acero_Marino.png","datePublished":"2019-01-31T22:27:19+00:00","dateModified":"2022-02-02T07:43:48+00:00","breadcrumb":{"@id":"https:\/\/www.ocariz.es\/index.php\/inox-aisi-316l-casquillo-inox\/#breadcrumb"},"inLanguage":"es","potentialAction":[{"@type":"ReadAction","target":["https:\/\/www.ocariz.es\/index.php\/inox-aisi-316l-casquillo-inox\/"]}]},{"@type":"ImageObject","inLanguage":"es","@id":"https:\/\/www.ocariz.es\/index.php\/inox-aisi-316l-casquillo-inox\/#primaryimage","url":"http:\/\/www.ocariz.es\/wp-content\/uploads\/2020\/01\/Inox_Acero_Marino.png","contentUrl":"http:\/\/www.ocariz.es\/wp-content\/uploads\/2020\/01\/Inox_Acero_Marino.png"},{"@type":"BreadcrumbList","@id":"https:\/\/www.ocariz.es\/index.php\/inox-aisi-316l-casquillo-inox\/#breadcrumb","itemListElement":[{"@type":"ListItem","position":1,"name":"Portada","item":"https:\/\/www.ocariz.es\/"},{"@type":"ListItem","position":2,"name":"Inox AISI 316L, Casquillo Inox"}]},{"@type":"WebSite","@id":"https:\/\/www.ocariz.es\/#website","url":"https:\/\/www.ocariz.es\/","name":"Herrajes Ocariz, S.A.","description":"Atenci\u00f3n telef\u00f3nica +34 945 263 400","publisher":{"@id":"https:\/\/www.ocariz.es\/#organization"},"potentialAction":[{"@type":"SearchAction","target":{"@type":"EntryPoint","urlTemplate":"https:\/\/www.ocariz.es\/?s={search_term_string}"},"query-input":{"@type":"PropertyValueSpecification","valueRequired":true,"valueName":"search_term_string"}}],"inLanguage":"es"},{"@type":"Organization","@id":"https:\/\/www.ocariz.es\/#organization","name":"HERRAJES OCARIZ, S.A.","url":"https:\/\/www.ocariz.es\/","logo":{"@type":"ImageObject","inLanguage":"es","@id":"https:\/\/www.ocariz.es\/#\/schema\/logo\/image\/","url":"https:\/\/www.ocariz.es\/wp-content\/uploads\/2019\/01\/ocariz90.png","contentUrl":"https:\/\/www.ocariz.es\/wp-content\/uploads\/2019\/01\/ocariz90.png","width":94,"height":76,"caption":"HERRAJES OCARIZ, S.A."},"image":{"@id":"https:\/\/www.ocariz.es\/#\/schema\/logo\/image\/"}}]}},"_links":{"self":[{"href":"https:\/\/www.ocariz.es\/index.php\/wp-json\/wp\/v2\/pages\/823","targetHints":{"allow":["GET"]}}],"collection":[{"href":"https:\/\/www.ocariz.es\/index.php\/wp-json\/wp\/v2\/pages"}],"about":[{"href":"https:\/\/www.ocariz.es\/index.php\/wp-json\/wp\/v2\/types\/page"}],"author":[{"embeddable":true,"href":"https:\/\/www.ocariz.es\/index.php\/wp-json\/wp\/v2\/users\/1"}],"replies":[{"embeddable":true,"href":"https:\/\/www.ocariz.es\/index.php\/wp-json\/wp\/v2\/comments?post=823"}],"version-history":[{"count":5,"href":"https:\/\/www.ocariz.es\/index.php\/wp-json\/wp\/v2\/pages\/823\/revisions"}],"predecessor-version":[{"id":2543,"href":"https:\/\/www.ocariz.es\/index.php\/wp-json\/wp\/v2\/pages\/823\/revisions\/2543"}],"wp:attachment":[{"href":"https:\/\/www.ocariz.es\/index.php\/wp-json\/wp\/v2\/media?parent=823"}],"curies":[{"name":"wp","href":"https:\/\/api.w.org\/{rel}","templated":true}]}}