{"id":807,"date":"2019-01-31T22:06:16","date_gmt":"2019-01-31T22:06:16","guid":{"rendered":"http:\/\/www.ocariz.pfisdbbadalona.cat\/?page_id=807"},"modified":"2020-01-03T12:27:59","modified_gmt":"2020-01-03T12:27:59","slug":"aluminio-sistema-standard","status":"publish","type":"page","link":"https:\/\/www.ocariz.es\/index.php\/aluminio-sistema-standard\/","title":{"rendered":"Aluminio Sistema Standard"},"content":{"rendered":"<div  data-label=\"Content\" data-id=\"content-image-left\" data-category=\"content\" class=\"content-left-image-section content-image-left\" id=\"content-3\" style=\"background-color: rgb(255, 255, 255);\">\n<div  class=\"gridContainer\">\n<div  class=\"row\">\n<div  class=\"content-left-image-imgcol\" data-type=\"column\"> <img decoding=\"async\"  src=\"https:\/\/www.ocariz.es\/wp-content\/uploads\/2020\/01\/Serie_Economica.png\" class=\"\"><\/div>\n<div  class=\"content-left-image-textcol dynamic-color\" data-type=\"column\">\n<p  class=\"\"><strong >HERRAJES OCARIZ ampl\u00eda su gama de manillas y accesorios fabricados en aluminio<\/strong> (manillas regulables, cierres de ventana, soluciones puerta de entrada, pomos y tiradores, pasadores de embutir, colgadores y rejillas de ventilaci\u00f3n) con su Serie Econ\u00f3mica.<\/p>\n<p  class=\"\">El material base aluminio, el muelle de gran capacidad de recuperaci\u00f3n y los acabados superficiales anodizado y rilsanizado son de la misma calidad que en la gama con montaje \u201cSistema Resist\u201d. La \u00fanica diferencia, aunque muy importante, es que en esta serie el montaje (\u201cSistema Standard\u201d) entre la manilla y el escudo se hace con una arandela de retenci\u00f3n como en la mayor\u00eda de los casos existentes en el mercado<\/p>\n<p  class=\"\"><strong >\u00a1\u00a1\u00a1Atenci\u00f3n!!!<\/strong><\/p>\n<p  class=\"\"><strong >Estos herrajes son tambi\u00e9n de una gran calidad pero OCARIZ recomienda que s\u00f3lo sean instalados en viviendas o en edificios con poco tr\u00e1fico. Para edificios de alto tr\u00e1fico (colegios, hospitales, oficinas, locales comerciales, etc.) o cuando sea necesario protegernos de la intrusi\u00f3n, recomendamos nuestra serie de manillas montadas con el sistema Resist \u00ae (ver cat\u00e1logo ALUMINIO SISTEMA RESIST).<\/strong><\/p>\n<a  class=\"button color1\" href=\"https:\/\/ocariz.es\/pdf\/Serie%20Economica.pdf\" target=\"_blank\" data-icon=\"fa-file-pdf-o\"><span class=\"button-icon fa fa-file-pdf-o\" ><\/span> + Informaci\u00f3n <\/a>\n\n<\/div>\n<\/div>\n<\/div>\n<\/div>","protected":false},"excerpt":{"rendered":"<p>HERRAJES OCARIZ ampl\u00eda su gama de manillas y accesorios fabricados en aluminio (manillas regulables, cierres de ventana, soluciones puerta de entrada, pomos y tiradores, pasadores de embutir, colgadores y rejillas de ventilaci\u00f3n) con su Serie Econ\u00f3mica. El material base aluminio, el muelle de gran capacidad de recuperaci\u00f3n y los acabados superficiales anodizado y rilsanizado son&hellip; <br \/> <a class=\"button small blue\" href=\"https:\/\/www.ocariz.es\/index.php\/aluminio-sistema-standard\/\">Leer m\u00e1s<\/a><\/p>\n","protected":false},"author":1,"featured_media":0,"parent":0,"menu_order":0,"comment_status":"closed","ping_status":"closed","template":"full-width-page.php","meta":{"footnotes":""},"class_list":["post-807","page","type-page","status-publish","hentry"],"yoast_head":"<!-- This site is optimized with the Yoast SEO plugin v27.4 - https:\/\/yoast.com\/product\/yoast-seo-wordpress\/ -->\n<title>Aluminio Sistema Standard - Herrajes Ocariz, S.A.<\/title>\n<meta name=\"robots\" content=\"index, follow, max-snippet:-1, max-image-preview:large, max-video-preview:-1\" \/>\n<link rel=\"canonical\" href=\"https:\/\/www.ocariz.es\/index.php\/aluminio-sistema-standard\/\" \/>\n<meta property=\"og:locale\" content=\"es_ES\" \/>\n<meta property=\"og:type\" content=\"article\" \/>\n<meta property=\"og:title\" content=\"Aluminio Sistema Standard - Herrajes Ocariz, S.A.\" \/>\n<meta property=\"og:description\" content=\"HERRAJES OCARIZ ampl\u00eda su gama de manillas y accesorios fabricados en aluminio (manillas regulables, cierres de ventana, soluciones puerta de entrada, pomos y tiradores, pasadores de embutir, colgadores y rejillas de ventilaci\u00f3n) con su Serie Econ\u00f3mica. El material base aluminio, el muelle de gran capacidad de recuperaci\u00f3n y los acabados superficiales anodizado y rilsanizado son&hellip; Leer m\u00e1s\" \/>\n<meta property=\"og:url\" content=\"https:\/\/www.ocariz.es\/index.php\/aluminio-sistema-standard\/\" \/>\n<meta property=\"og:site_name\" content=\"Herrajes Ocariz, S.A.\" \/>\n<meta property=\"article:modified_time\" content=\"2020-01-03T12:27:59+00:00\" \/>\n<meta property=\"og:image\" content=\"http:\/\/www.ocariz.es\/wp-content\/uploads\/2020\/01\/Serie_Economica.png\" \/>\n<meta name=\"twitter:card\" content=\"summary_large_image\" \/>\n<meta name=\"twitter:label1\" content=\"Tiempo de lectura\" \/>\n\t<meta name=\"twitter:data1\" content=\"1 minuto\" \/>\n<script type=\"application\/ld+json\" class=\"yoast-schema-graph\">{\"@context\":\"https:\\\/\\\/schema.org\",\"@graph\":[{\"@type\":\"WebPage\",\"@id\":\"https:\\\/\\\/www.ocariz.es\\\/index.php\\\/aluminio-sistema-standard\\\/\",\"url\":\"https:\\\/\\\/www.ocariz.es\\\/index.php\\\/aluminio-sistema-standard\\\/\",\"name\":\"Aluminio Sistema Standard - Herrajes Ocariz, S.A.\",\"isPartOf\":{\"@id\":\"https:\\\/\\\/www.ocariz.es\\\/#website\"},\"primaryImageOfPage\":{\"@id\":\"https:\\\/\\\/www.ocariz.es\\\/index.php\\\/aluminio-sistema-standard\\\/#primaryimage\"},\"image\":{\"@id\":\"https:\\\/\\\/www.ocariz.es\\\/index.php\\\/aluminio-sistema-standard\\\/#primaryimage\"},\"thumbnailUrl\":\"http:\\\/\\\/www.ocariz.es\\\/wp-content\\\/uploads\\\/2020\\\/01\\\/Serie_Economica.png\",\"datePublished\":\"2019-01-31T22:06:16+00:00\",\"dateModified\":\"2020-01-03T12:27:59+00:00\",\"breadcrumb\":{\"@id\":\"https:\\\/\\\/www.ocariz.es\\\/index.php\\\/aluminio-sistema-standard\\\/#breadcrumb\"},\"inLanguage\":\"es\",\"potentialAction\":[{\"@type\":\"ReadAction\",\"target\":[\"https:\\\/\\\/www.ocariz.es\\\/index.php\\\/aluminio-sistema-standard\\\/\"]}]},{\"@type\":\"ImageObject\",\"inLanguage\":\"es\",\"@id\":\"https:\\\/\\\/www.ocariz.es\\\/index.php\\\/aluminio-sistema-standard\\\/#primaryimage\",\"url\":\"http:\\\/\\\/www.ocariz.es\\\/wp-content\\\/uploads\\\/2020\\\/01\\\/Serie_Economica.png\",\"contentUrl\":\"http:\\\/\\\/www.ocariz.es\\\/wp-content\\\/uploads\\\/2020\\\/01\\\/Serie_Economica.png\"},{\"@type\":\"BreadcrumbList\",\"@id\":\"https:\\\/\\\/www.ocariz.es\\\/index.php\\\/aluminio-sistema-standard\\\/#breadcrumb\",\"itemListElement\":[{\"@type\":\"ListItem\",\"position\":1,\"name\":\"Portada\",\"item\":\"https:\\\/\\\/www.ocariz.es\\\/\"},{\"@type\":\"ListItem\",\"position\":2,\"name\":\"Aluminio Sistema Standard\"}]},{\"@type\":\"WebSite\",\"@id\":\"https:\\\/\\\/www.ocariz.es\\\/#website\",\"url\":\"https:\\\/\\\/www.ocariz.es\\\/\",\"name\":\"Herrajes Ocariz, S.A.\",\"description\":\"Atenci\u00f3n telef\u00f3nica +34 945 263 400\",\"publisher\":{\"@id\":\"https:\\\/\\\/www.ocariz.es\\\/#organization\"},\"potentialAction\":[{\"@type\":\"SearchAction\",\"target\":{\"@type\":\"EntryPoint\",\"urlTemplate\":\"https:\\\/\\\/www.ocariz.es\\\/?s={search_term_string}\"},\"query-input\":{\"@type\":\"PropertyValueSpecification\",\"valueRequired\":true,\"valueName\":\"search_term_string\"}}],\"inLanguage\":\"es\"},{\"@type\":\"Organization\",\"@id\":\"https:\\\/\\\/www.ocariz.es\\\/#organization\",\"name\":\"HERRAJES OCARIZ, S.A.\",\"url\":\"https:\\\/\\\/www.ocariz.es\\\/\",\"logo\":{\"@type\":\"ImageObject\",\"inLanguage\":\"es\",\"@id\":\"https:\\\/\\\/www.ocariz.es\\\/#\\\/schema\\\/logo\\\/image\\\/\",\"url\":\"https:\\\/\\\/www.ocariz.es\\\/wp-content\\\/uploads\\\/2019\\\/01\\\/ocariz90.png\",\"contentUrl\":\"https:\\\/\\\/www.ocariz.es\\\/wp-content\\\/uploads\\\/2019\\\/01\\\/ocariz90.png\",\"width\":94,\"height\":76,\"caption\":\"HERRAJES OCARIZ, S.A.\"},\"image\":{\"@id\":\"https:\\\/\\\/www.ocariz.es\\\/#\\\/schema\\\/logo\\\/image\\\/\"}}]}<\/script>\n<!-- \/ Yoast SEO plugin. -->","yoast_head_json":{"title":"Aluminio Sistema Standard - Herrajes Ocariz, S.A.","robots":{"index":"index","follow":"follow","max-snippet":"max-snippet:-1","max-image-preview":"max-image-preview:large","max-video-preview":"max-video-preview:-1"},"canonical":"https:\/\/www.ocariz.es\/index.php\/aluminio-sistema-standard\/","og_locale":"es_ES","og_type":"article","og_title":"Aluminio Sistema Standard - Herrajes Ocariz, S.A.","og_description":"HERRAJES OCARIZ ampl\u00eda su gama de manillas y accesorios fabricados en aluminio (manillas regulables, cierres de ventana, soluciones puerta de entrada, pomos y tiradores, pasadores de embutir, colgadores y rejillas de ventilaci\u00f3n) con su Serie Econ\u00f3mica. El material base aluminio, el muelle de gran capacidad de recuperaci\u00f3n y los acabados superficiales anodizado y rilsanizado son&hellip; Leer m\u00e1s","og_url":"https:\/\/www.ocariz.es\/index.php\/aluminio-sistema-standard\/","og_site_name":"Herrajes Ocariz, S.A.","article_modified_time":"2020-01-03T12:27:59+00:00","og_image":[{"url":"http:\/\/www.ocariz.es\/wp-content\/uploads\/2020\/01\/Serie_Economica.png","type":"","width":"","height":""}],"twitter_card":"summary_large_image","twitter_misc":{"Tiempo de lectura":"1 minuto"},"schema":{"@context":"https:\/\/schema.org","@graph":[{"@type":"WebPage","@id":"https:\/\/www.ocariz.es\/index.php\/aluminio-sistema-standard\/","url":"https:\/\/www.ocariz.es\/index.php\/aluminio-sistema-standard\/","name":"Aluminio Sistema Standard - Herrajes Ocariz, S.A.","isPartOf":{"@id":"https:\/\/www.ocariz.es\/#website"},"primaryImageOfPage":{"@id":"https:\/\/www.ocariz.es\/index.php\/aluminio-sistema-standard\/#primaryimage"},"image":{"@id":"https:\/\/www.ocariz.es\/index.php\/aluminio-sistema-standard\/#primaryimage"},"thumbnailUrl":"http:\/\/www.ocariz.es\/wp-content\/uploads\/2020\/01\/Serie_Economica.png","datePublished":"2019-01-31T22:06:16+00:00","dateModified":"2020-01-03T12:27:59+00:00","breadcrumb":{"@id":"https:\/\/www.ocariz.es\/index.php\/aluminio-sistema-standard\/#breadcrumb"},"inLanguage":"es","potentialAction":[{"@type":"ReadAction","target":["https:\/\/www.ocariz.es\/index.php\/aluminio-sistema-standard\/"]}]},{"@type":"ImageObject","inLanguage":"es","@id":"https:\/\/www.ocariz.es\/index.php\/aluminio-sistema-standard\/#primaryimage","url":"http:\/\/www.ocariz.es\/wp-content\/uploads\/2020\/01\/Serie_Economica.png","contentUrl":"http:\/\/www.ocariz.es\/wp-content\/uploads\/2020\/01\/Serie_Economica.png"},{"@type":"BreadcrumbList","@id":"https:\/\/www.ocariz.es\/index.php\/aluminio-sistema-standard\/#breadcrumb","itemListElement":[{"@type":"ListItem","position":1,"name":"Portada","item":"https:\/\/www.ocariz.es\/"},{"@type":"ListItem","position":2,"name":"Aluminio Sistema Standard"}]},{"@type":"WebSite","@id":"https:\/\/www.ocariz.es\/#website","url":"https:\/\/www.ocariz.es\/","name":"Herrajes Ocariz, S.A.","description":"Atenci\u00f3n telef\u00f3nica +34 945 263 400","publisher":{"@id":"https:\/\/www.ocariz.es\/#organization"},"potentialAction":[{"@type":"SearchAction","target":{"@type":"EntryPoint","urlTemplate":"https:\/\/www.ocariz.es\/?s={search_term_string}"},"query-input":{"@type":"PropertyValueSpecification","valueRequired":true,"valueName":"search_term_string"}}],"inLanguage":"es"},{"@type":"Organization","@id":"https:\/\/www.ocariz.es\/#organization","name":"HERRAJES OCARIZ, S.A.","url":"https:\/\/www.ocariz.es\/","logo":{"@type":"ImageObject","inLanguage":"es","@id":"https:\/\/www.ocariz.es\/#\/schema\/logo\/image\/","url":"https:\/\/www.ocariz.es\/wp-content\/uploads\/2019\/01\/ocariz90.png","contentUrl":"https:\/\/www.ocariz.es\/wp-content\/uploads\/2019\/01\/ocariz90.png","width":94,"height":76,"caption":"HERRAJES OCARIZ, S.A."},"image":{"@id":"https:\/\/www.ocariz.es\/#\/schema\/logo\/image\/"}}]}},"_links":{"self":[{"href":"https:\/\/www.ocariz.es\/index.php\/wp-json\/wp\/v2\/pages\/807","targetHints":{"allow":["GET"]}}],"collection":[{"href":"https:\/\/www.ocariz.es\/index.php\/wp-json\/wp\/v2\/pages"}],"about":[{"href":"https:\/\/www.ocariz.es\/index.php\/wp-json\/wp\/v2\/types\/page"}],"author":[{"embeddable":true,"href":"https:\/\/www.ocariz.es\/index.php\/wp-json\/wp\/v2\/users\/1"}],"replies":[{"embeddable":true,"href":"https:\/\/www.ocariz.es\/index.php\/wp-json\/wp\/v2\/comments?post=807"}],"version-history":[{"count":6,"href":"https:\/\/www.ocariz.es\/index.php\/wp-json\/wp\/v2\/pages\/807\/revisions"}],"predecessor-version":[{"id":1858,"href":"https:\/\/www.ocariz.es\/index.php\/wp-json\/wp\/v2\/pages\/807\/revisions\/1858"}],"wp:attachment":[{"href":"https:\/\/www.ocariz.es\/index.php\/wp-json\/wp\/v2\/media?parent=807"}],"curies":[{"name":"wp","href":"https:\/\/api.w.org\/{rel}","templated":true}]}}