{"id":365,"date":"2019-01-04T22:59:11","date_gmt":"2019-01-04T22:59:11","guid":{"rendered":"http:\/\/www.ocariz.pfisdbbadalona.cat\/?page_id=365"},"modified":"2020-11-13T13:52:32","modified_gmt":"2020-11-13T13:52:32","slug":"quemadores-ecologicos-de-pellets","status":"publish","type":"page","link":"https:\/\/www.ocariz.es\/index.php\/quemadores-ecologicos-de-pellets\/","title":{"rendered":"Quemadores de pellets ecol\u00f3gicos CE EN 15270"},"content":{"rendered":"<div  class=\"content-full-right-image-section\" id=\"content-2\" style=\"background-color: rgb(255, 255, 255);\" data-id=\"content-full-right-image-section\" data-label=\"Content\" data-category=\"content\">\n<div  class=\"content-full-right-image-innerrow\">\n<div  class=\"content-full-right-image-textcol dynamic-color\">\n<div  data-type=\"column\" class=\"\">\n<h2  class=\"\">Quemadores&nbsp;de Pellets Ecol\u00f3gicos<\/h2>\nTodos los quemadores ecol\u00f3gicos de pellets Ocariz&amp;Calor est\u00e1n homologados y certificados CE EN 15270.\n\nCon potencias desde 40kW hasta 300kW que cubren la gama dom\u00e9stica e industrial.\n\nLos quemadores ECO-TURBO QP sirven para sustituir a los \u201cviejos y antiecon\u00f3micos quemadores\u201d instalados b\u00e1sicamente en calderas y hornos de gas, gasoil, etc.\n\nTodos ellos incorporan de serie un kit de limpieza autom\u00e1tica y llevan un dispositivo de ignici\u00f3n r\u00e1pida, seguro, de bajo consumo y de \u00faltima generaci\u00f3n con resistencia cer\u00e1mica y paso interno de aire caliente que prende los pellets. El sistema de seguridad est\u00e1 provisto de varios dispositivos independientes: sensor de control de la llama mediante fotoc\u00e9lula, termostato de seguridad t\u00e9rmica y conducto flexible de alimentaci\u00f3n autoextinguible.\n\nLas dos toberas conc\u00e9ntricas de gran espesor son del tipo ca\u00f1\u00f3n, tubo o de pistola (nunca de parrilla). Est\u00e1n fabricadas en acero INOX AISI 310S REFRACTARIO y su dise\u00f1o facilita el paso del aire por el ventilador centr\u00edfugo de alta capacidad de dos corrientes separadas de aire (primaria y secundaria) que permiten la expulsi\u00f3n en espiral rotatoria horizontal de la llama.\n\n<a class=\"button color1\" href=\"https:\/\/www.ocariz.es\/wp-content\/uploads\/2019\/03\/Quemadores-Ecol\u00f3gicos-de-Pellets.pdf\" target=\"_blank\" data-icon=\"\" rel=\"noopener noreferrer\">+ Informaci\u00f3n<\/a><\/div>\n<div  class=\"content-full-right-image-featuresrow\">\n<div  class=\"content-full-right-image-featurescol\" data-type=\"column\"><\/div>\n<div  class=\"content-full-right-image-featurescol\" data-type=\"column\"><\/div>\n<\/div>\n<\/div>\n<div  class=\"content-full-right-image-imgcol\" style=\"background-image: url(&quot;https:\/\/www.ocariz.es\/wp-content\/uploads\/2020\/11\/Quemadores-Ecologicos-de-Pellets.png&quot;);\" data-bg=\"image\"><\/div>\n<\/div>\n<\/div>","protected":false},"excerpt":{"rendered":"<p>Quemadores&nbsp;de Pellets Ecol\u00f3gicos Todos los quemadores ecol\u00f3gicos de pellets Ocariz&amp;Calor est\u00e1n homologados y certificados CE EN 15270. Con potencias desde 40kW hasta 300kW que cubren la gama dom\u00e9stica e industrial. Los quemadores ECO-TURBO QP sirven para sustituir a los \u201cviejos y antiecon\u00f3micos quemadores\u201d instalados b\u00e1sicamente en calderas y hornos de gas, gasoil, etc. Todos ellos&hellip; <br \/> <a class=\"button small blue\" href=\"https:\/\/www.ocariz.es\/index.php\/quemadores-ecologicos-de-pellets\/\">Leer m\u00e1s<\/a><\/p>\n","protected":false},"author":1,"featured_media":0,"parent":0,"menu_order":0,"comment_status":"closed","ping_status":"closed","template":"full-width-page.php","meta":{"footnotes":""},"class_list":["post-365","page","type-page","status-publish","hentry"],"yoast_head":"<!-- This site is optimized with the Yoast SEO plugin v27.4 - https:\/\/yoast.com\/product\/yoast-seo-wordpress\/ -->\n<title>Quemadores de pellets ecol\u00f3gicos CE EN 15270 - Herrajes Ocariz, S.A.<\/title>\n<meta name=\"robots\" content=\"index, follow, max-snippet:-1, max-image-preview:large, max-video-preview:-1\" \/>\n<link rel=\"canonical\" href=\"https:\/\/www.ocariz.es\/index.php\/quemadores-ecologicos-de-pellets\/\" \/>\n<meta property=\"og:locale\" content=\"es_ES\" \/>\n<meta property=\"og:type\" content=\"article\" \/>\n<meta property=\"og:title\" content=\"Quemadores de pellets ecol\u00f3gicos CE EN 15270 - Herrajes Ocariz, S.A.\" \/>\n<meta property=\"og:description\" content=\"Quemadores&nbsp;de Pellets Ecol\u00f3gicos Todos los quemadores ecol\u00f3gicos de pellets Ocariz&amp;Calor est\u00e1n homologados y certificados CE EN 15270. Con potencias desde 40kW hasta 300kW que cubren la gama dom\u00e9stica e industrial. Los quemadores ECO-TURBO QP sirven para sustituir a los \u201cviejos y antiecon\u00f3micos quemadores\u201d instalados b\u00e1sicamente en calderas y hornos de gas, gasoil, etc. Todos ellos&hellip; Leer m\u00e1s\" \/>\n<meta property=\"og:url\" content=\"https:\/\/www.ocariz.es\/index.php\/quemadores-ecologicos-de-pellets\/\" \/>\n<meta property=\"og:site_name\" content=\"Herrajes Ocariz, S.A.\" \/>\n<meta property=\"article:modified_time\" content=\"2020-11-13T13:52:32+00:00\" \/>\n<meta name=\"twitter:card\" content=\"summary_large_image\" \/>\n<meta name=\"twitter:label1\" content=\"Tiempo de lectura\" \/>\n\t<meta name=\"twitter:data1\" content=\"1 minuto\" \/>\n<script type=\"application\/ld+json\" class=\"yoast-schema-graph\">{\"@context\":\"https:\\\/\\\/schema.org\",\"@graph\":[{\"@type\":\"WebPage\",\"@id\":\"https:\\\/\\\/www.ocariz.es\\\/index.php\\\/quemadores-ecologicos-de-pellets\\\/\",\"url\":\"https:\\\/\\\/www.ocariz.es\\\/index.php\\\/quemadores-ecologicos-de-pellets\\\/\",\"name\":\"Quemadores de pellets ecol\u00f3gicos CE EN 15270 - Herrajes Ocariz, S.A.\",\"isPartOf\":{\"@id\":\"https:\\\/\\\/www.ocariz.es\\\/#website\"},\"datePublished\":\"2019-01-04T22:59:11+00:00\",\"dateModified\":\"2020-11-13T13:52:32+00:00\",\"breadcrumb\":{\"@id\":\"https:\\\/\\\/www.ocariz.es\\\/index.php\\\/quemadores-ecologicos-de-pellets\\\/#breadcrumb\"},\"inLanguage\":\"es\",\"potentialAction\":[{\"@type\":\"ReadAction\",\"target\":[\"https:\\\/\\\/www.ocariz.es\\\/index.php\\\/quemadores-ecologicos-de-pellets\\\/\"]}]},{\"@type\":\"BreadcrumbList\",\"@id\":\"https:\\\/\\\/www.ocariz.es\\\/index.php\\\/quemadores-ecologicos-de-pellets\\\/#breadcrumb\",\"itemListElement\":[{\"@type\":\"ListItem\",\"position\":1,\"name\":\"Portada\",\"item\":\"https:\\\/\\\/www.ocariz.es\\\/\"},{\"@type\":\"ListItem\",\"position\":2,\"name\":\"Quemadores de pellets ecol\u00f3gicos CE EN 15270\"}]},{\"@type\":\"WebSite\",\"@id\":\"https:\\\/\\\/www.ocariz.es\\\/#website\",\"url\":\"https:\\\/\\\/www.ocariz.es\\\/\",\"name\":\"Herrajes Ocariz, S.A.\",\"description\":\"Atenci\u00f3n telef\u00f3nica +34 945 263 400\",\"publisher\":{\"@id\":\"https:\\\/\\\/www.ocariz.es\\\/#organization\"},\"potentialAction\":[{\"@type\":\"SearchAction\",\"target\":{\"@type\":\"EntryPoint\",\"urlTemplate\":\"https:\\\/\\\/www.ocariz.es\\\/?s={search_term_string}\"},\"query-input\":{\"@type\":\"PropertyValueSpecification\",\"valueRequired\":true,\"valueName\":\"search_term_string\"}}],\"inLanguage\":\"es\"},{\"@type\":\"Organization\",\"@id\":\"https:\\\/\\\/www.ocariz.es\\\/#organization\",\"name\":\"HERRAJES OCARIZ, S.A.\",\"url\":\"https:\\\/\\\/www.ocariz.es\\\/\",\"logo\":{\"@type\":\"ImageObject\",\"inLanguage\":\"es\",\"@id\":\"https:\\\/\\\/www.ocariz.es\\\/#\\\/schema\\\/logo\\\/image\\\/\",\"url\":\"https:\\\/\\\/www.ocariz.es\\\/wp-content\\\/uploads\\\/2019\\\/01\\\/ocariz90.png\",\"contentUrl\":\"https:\\\/\\\/www.ocariz.es\\\/wp-content\\\/uploads\\\/2019\\\/01\\\/ocariz90.png\",\"width\":94,\"height\":76,\"caption\":\"HERRAJES OCARIZ, S.A.\"},\"image\":{\"@id\":\"https:\\\/\\\/www.ocariz.es\\\/#\\\/schema\\\/logo\\\/image\\\/\"}}]}<\/script>\n<!-- \/ Yoast SEO plugin. -->","yoast_head_json":{"title":"Quemadores de pellets ecol\u00f3gicos CE EN 15270 - Herrajes Ocariz, S.A.","robots":{"index":"index","follow":"follow","max-snippet":"max-snippet:-1","max-image-preview":"max-image-preview:large","max-video-preview":"max-video-preview:-1"},"canonical":"https:\/\/www.ocariz.es\/index.php\/quemadores-ecologicos-de-pellets\/","og_locale":"es_ES","og_type":"article","og_title":"Quemadores de pellets ecol\u00f3gicos CE EN 15270 - Herrajes Ocariz, S.A.","og_description":"Quemadores&nbsp;de Pellets Ecol\u00f3gicos Todos los quemadores ecol\u00f3gicos de pellets Ocariz&amp;Calor est\u00e1n homologados y certificados CE EN 15270. Con potencias desde 40kW hasta 300kW que cubren la gama dom\u00e9stica e industrial. Los quemadores ECO-TURBO QP sirven para sustituir a los \u201cviejos y antiecon\u00f3micos quemadores\u201d instalados b\u00e1sicamente en calderas y hornos de gas, gasoil, etc. Todos ellos&hellip; Leer m\u00e1s","og_url":"https:\/\/www.ocariz.es\/index.php\/quemadores-ecologicos-de-pellets\/","og_site_name":"Herrajes Ocariz, S.A.","article_modified_time":"2020-11-13T13:52:32+00:00","twitter_card":"summary_large_image","twitter_misc":{"Tiempo de lectura":"1 minuto"},"schema":{"@context":"https:\/\/schema.org","@graph":[{"@type":"WebPage","@id":"https:\/\/www.ocariz.es\/index.php\/quemadores-ecologicos-de-pellets\/","url":"https:\/\/www.ocariz.es\/index.php\/quemadores-ecologicos-de-pellets\/","name":"Quemadores de pellets ecol\u00f3gicos CE EN 15270 - Herrajes Ocariz, S.A.","isPartOf":{"@id":"https:\/\/www.ocariz.es\/#website"},"datePublished":"2019-01-04T22:59:11+00:00","dateModified":"2020-11-13T13:52:32+00:00","breadcrumb":{"@id":"https:\/\/www.ocariz.es\/index.php\/quemadores-ecologicos-de-pellets\/#breadcrumb"},"inLanguage":"es","potentialAction":[{"@type":"ReadAction","target":["https:\/\/www.ocariz.es\/index.php\/quemadores-ecologicos-de-pellets\/"]}]},{"@type":"BreadcrumbList","@id":"https:\/\/www.ocariz.es\/index.php\/quemadores-ecologicos-de-pellets\/#breadcrumb","itemListElement":[{"@type":"ListItem","position":1,"name":"Portada","item":"https:\/\/www.ocariz.es\/"},{"@type":"ListItem","position":2,"name":"Quemadores de pellets ecol\u00f3gicos CE EN 15270"}]},{"@type":"WebSite","@id":"https:\/\/www.ocariz.es\/#website","url":"https:\/\/www.ocariz.es\/","name":"Herrajes Ocariz, S.A.","description":"Atenci\u00f3n telef\u00f3nica +34 945 263 400","publisher":{"@id":"https:\/\/www.ocariz.es\/#organization"},"potentialAction":[{"@type":"SearchAction","target":{"@type":"EntryPoint","urlTemplate":"https:\/\/www.ocariz.es\/?s={search_term_string}"},"query-input":{"@type":"PropertyValueSpecification","valueRequired":true,"valueName":"search_term_string"}}],"inLanguage":"es"},{"@type":"Organization","@id":"https:\/\/www.ocariz.es\/#organization","name":"HERRAJES OCARIZ, S.A.","url":"https:\/\/www.ocariz.es\/","logo":{"@type":"ImageObject","inLanguage":"es","@id":"https:\/\/www.ocariz.es\/#\/schema\/logo\/image\/","url":"https:\/\/www.ocariz.es\/wp-content\/uploads\/2019\/01\/ocariz90.png","contentUrl":"https:\/\/www.ocariz.es\/wp-content\/uploads\/2019\/01\/ocariz90.png","width":94,"height":76,"caption":"HERRAJES OCARIZ, S.A."},"image":{"@id":"https:\/\/www.ocariz.es\/#\/schema\/logo\/image\/"}}]}},"_links":{"self":[{"href":"https:\/\/www.ocariz.es\/index.php\/wp-json\/wp\/v2\/pages\/365","targetHints":{"allow":["GET"]}}],"collection":[{"href":"https:\/\/www.ocariz.es\/index.php\/wp-json\/wp\/v2\/pages"}],"about":[{"href":"https:\/\/www.ocariz.es\/index.php\/wp-json\/wp\/v2\/types\/page"}],"author":[{"embeddable":true,"href":"https:\/\/www.ocariz.es\/index.php\/wp-json\/wp\/v2\/users\/1"}],"replies":[{"embeddable":true,"href":"https:\/\/www.ocariz.es\/index.php\/wp-json\/wp\/v2\/comments?post=365"}],"version-history":[{"count":12,"href":"https:\/\/www.ocariz.es\/index.php\/wp-json\/wp\/v2\/pages\/365\/revisions"}],"predecessor-version":[{"id":2332,"href":"https:\/\/www.ocariz.es\/index.php\/wp-json\/wp\/v2\/pages\/365\/revisions\/2332"}],"wp:attachment":[{"href":"https:\/\/www.ocariz.es\/index.php\/wp-json\/wp\/v2\/media?parent=365"}],"curies":[{"name":"wp","href":"https:\/\/api.w.org\/{rel}","templated":true}]}}